w(3). Calculate the highest common divisor of i and z.
5
Suppose 117 = 2*u - 5*z, -91 = -2*u + z + 38. What is the highest common factor of 6 and u?
6
Let g = 462 - 374. What is the highest common factor of g and 77?
11
Let l be (-1)/2 - (-14 + 399/(-38)). What is the highest common divisor of 1080 and l?
24
Suppose 4*z + 4*w = 44, -6 - 9 = 5*w. What is the highest common factor of z and 70?
14
Suppose i - 2*w = 62, -2*i + 119 = -2*w - w. Suppose -56*q + i*q = -736. Let s be (1/1 - 0) + 22. What is the greatest common divisor of s and q?
23
Suppose 0 = -2*p + 72 + 26. Let h be (1 - 6)*(-12)/20. Suppose 4*m + 4*j = -m + p, 5*m = h*j + 77. Calculate the highest common divisor of m and 52.
13
Suppose -3*v - 8*v + 198 = 0. Suppose v = 6*r - 72. Calculate the greatest common divisor of r and 120.
15
Suppose -12*i + 3 = -9*i. Let n(c) = -4*c - 4 - 4 - 1 - i. Let a be n(-7). What is the highest common factor of a and 198?
18
Let t = -158 + 372. Suppose 2*x = 110 + t. What is the greatest common divisor of 18 and x?
18
Suppose 0 = -18*k + 872 + 28. Calculate the highest common divisor of k and 170.
10
Let t = 21 + -19. Suppose 0 = -2*i - q + t*q + 301, -5*q = -2*i + 297. Suppose 3*r + 7 = i. Calculate the greatest common divisor of 12 and r.
12
Suppose 3 = o - 5*k, 4*o - 152 + 35 = -k. Calculate the greatest common factor of o and 182.
14
Suppose -2*r - 3*z = -3*r - 234, -4*z + 928 = -4*r. Let h = r + 357. Suppose -5*l + 154 = -h. Calculate the greatest common factor of l and 14.
14
Suppose -4*f = -3*q + 15, -2*f + 2*q - 1 = 5. Let j be 6*-21*4/f. Calculate the greatest common factor of j and 21.
21
Suppose -26*s + 4278 = 768. Calculate the greatest common divisor of s and 27.
27
Let r = -19 - -16. Let w(m) = -5*m - 4. Let t be w(r). What is the highest common factor of 88 and t?
11
Let o be (172/12)/((-6)/(-18)). What is the highest common divisor of 43 and o?
43
Suppose -4*v - 2*h = -h - 12, 0 = v + 5*h + 16. Suppose v*g + g = 2235. Suppose -2*l - 139 = -g. What is the greatest common divisor of 14 and l?
14
Let p be -4 + 260 - (-1 + 8). Calculate the greatest common factor of 332 and p.
83
Let b be 225/(-6)*(-80)/15. What is the highest common divisor of 16 and b?
8
Let z = 198 + -130. What is the greatest common factor of z and 51?
17
Let j be 456/247 - 2/(-13). Suppose -j = -a + 3*a, 2*a - 106 = -3*m. Calculate the greatest common divisor of 12 and m.
12
Suppose 2*j + 3 = 3*j. Suppose y = 8 + 1. Suppose y = g + 5*m - 9, j*g + 3*m = 78. What is the greatest common divisor of 112 and g?
28
Let t(y) = -2*y**2 + 60*y - 239. Let k be t(25). Calculate the greatest common factor of 1584 and k.
11
Suppose 0 = i - 5*u - 18, -2*u = -5*i - 3*u + 12. Suppose i - 9 = -3*o. Calculate the greatest common divisor of 1 and o.
1
Suppose -88 = -4*r - 5*f + f, -4*f + 8 = 0. Suppose r = -7*k + 12*k. Suppose -k*p = -42 - 42. What is the highest common factor of p and 3?
3
Suppose -b = 5*f - 3683 + 782, 5*f - 2905 = -5*b. Calculate the highest common divisor of f and 20.
20
Let m(p) = p**3 + p + 17. Let l be m(0). Let q(a) = -530*a + 85. Let b be q(0). What is the highest common divisor of b and l?
17
Let o be 7/(28/(-12)) + 3. Suppose -2*q + 17 = 5*r - 37, 5*r - 3*q - 69 = o. Calculate the greatest common factor of 12 and r.
12
Suppose -7 = 3*g - 4*g + 4*n, 3*g - 5*n = 28. Suppose 0 = g*a - 4*a - 126. What is the greatest common factor of a and 9?
9
Let z be ((-84)/(-28) - (-258)/4)*6. Calculate the highest common factor of 15 and z.
15
Suppose 2*t = -26*h + 31*h + 5, 21 = 3*t - 3*h. Suppose -3*w + 26 + 30 = 5*z, w = 2. Calculate the highest common factor of z and t.
10
Let m = 1159 + -1144. Calculate the highest common divisor of 320 and m.
5
Let i = 71 - 23. Calculate the highest common factor of i and 336.
48
Let k be (1 - 3)/(4/(-110)). Suppose 7*h - 60 - 17 = 0. Calculate the greatest common factor of h and k.
11
Let a(r) = -r**3 + 13*r**2 - 4*r + 26. Let o be a(11). Calculate the greatest common divisor of o and 16.
16
Let c be 2 + ((-329)/(-49) - (-4)/14). What is the greatest common factor of c and 9?
9
Suppose -38*w - 660 = -53*w. Calculate the highest common divisor of 12 and w.
4
Suppose -3*k + 2*q = -0*k - 14, -5*k - 4*q = -16. Suppose -k*c + 670 = -122. Calculate the greatest common divisor of c and 18.
18
Let u(m) = m**3 + 8*m**2 + 3*m + 6. Let d be u(-6). Suppose 5*f = -0*f - d. Let a = 30 + f. What is the highest common divisor of 36 and a?
18
Let d(n) = -n**2 - 2*n + 0*n**2 - 2 - 2*n - n. Let k be d(-3). Suppose a + 7 = -k*h, -5*h = -a - 8 + 46. Calculate the greatest common divisor of a and 117.
13
Let q = -2493 + 2547. What is the greatest common divisor of q and 3132?
54
Suppose -18*a - 21*a + 90558 = 0. What is the highest common factor of a and 36?
18
Suppose 0*l - 3*l + 3*d = -90, l - 30 = -3*d. Suppose f - 7 - 1 = 0. Suppose 5*o + 36 = f*o. Calculate the highest common divisor of l and o.
6
Suppose 29 = -4*k + 93. Let h(v) = -202*v + 1. Let d be h(-1). Suppose -5*i = b - d, 4*i + 4*b - b - 169 = 0. What is the highest common divisor of i and k?
8
Let r = -17 - -41. Calculate the greatest common factor of r and 16.
8
Suppose -2 = -2*q + 4. Let c(t) = 3*t + 30. Let k be c(-9). Let f be q/(92/30 - k). What is the greatest common divisor of 9 and f?
9
Let s(k) = -k - 20. Let r be s(-8). Let i be (2 + 1)/(r/(-40)). Calculate the greatest common factor of 25 and i.
5
Let r(g) = -7*g + 332. Let v be r(0). What is the highest common divisor of v and 4?
4
Let g = -21 - -30. Let d be 11 + (-2 - -1)*64/32. What is the greatest common divisor of g and d?
9
Let p be (10 + 564/(-60))*160. What is the greatest common divisor of p and 108?
12
Let i(s) = -2*s**2 + 3*s + 13 - 2*s + s**2 - 2*s. Let w be i(0). Suppose 35 = -2*q - f + 316, -4*f + 123 = q. Calculate the greatest common divisor of q and w.
13
Let d = 6 + -2. Suppose 192 = 11*t + 13*t. What is the highest common divisor of t and d?
4
Let t = -33 + 76. Suppose 6*m = 113 + t. What is the greatest common factor of 65 and m?
13
Let a(q) = 9*q - 60. Let o be a(20). What is the greatest common factor of 48 and o?
24
Suppose 2*h + 3*n - 271 = 0, -3*n = -5*h - 8*n + 665. Suppose -3*b + h = b. Let m = b - -10. Calculate the highest common factor of 7 and m.
7
Suppose 127*c = 117*c + 30. Let t be -4 - -4 - 11*3. Let s be t/(-1) - (-2 + 2). What is the greatest common divisor of s and c?
3
Suppose -14 = 15*o - 17*o. Suppose 0 = k - 5 - 86. What is the greatest common divisor of k and o?
7
Suppose -3*p - n - 26 = -5*p, -4*p = 2*n - 60. Suppose 11 = -y + p. Calculate the highest common divisor of 36 and y.
3
Let w = -3 + 6. Suppose -2*l - 53 = -f, 168 = 5*f - f + w*l. Suppose 3*h - 2*v - 21 + 4 = 0, 5*v - 16 = h. Calculate the greatest common divisor of h and f.
9
Let u(g) = 15*g**2 - g - 2. Suppose 5*t - 19 = -b, -13 = b - 3*t - 0*t. Let y be u(b). What is the greatest common divisor of y and 56?
14
Suppose 88*y - 91 = 81*y. What is the highest common factor of y and 949?
13
Let a = 11 + -6. Suppose 0 = -a*p + 3*p - 4*h + 30, -4*p = 3*h - 60. Suppose 14*k + 24 = p*k. Calculate the highest common divisor of 36 and k.
12
Suppose j + 60 = 7*j. Suppose 0 = -6*g + 5*g + 6. Let u be 4*g/8 + 7. What is the greatest common factor of j and u?
10
Suppose 3*x - 1 - 5 = 0. Suppose -3*k + 24 = 4*b - b, x*b - 16 = 4*k. Calculate the greatest common divisor of 16 and b.
8
Suppose 17*m = 4874 + 23414. What is the greatest common divisor of 13 and m?
13
Let m(y) be the first derivative of y**4/4 + 7*y**3/3 + 7*y**2/2 + 8*y - 5. Let q be m(-6). Suppose -u + q = -0. What is the greatest common factor of 8 and u?
2
Suppose r + 3 = 4, -2*r - 688 = 3*b. Let a = 444 + b. Suppose 4*i - a = 2*d, -3*i = -0*d + 3*d - 165. What is the highest common divisor of 9 and i?
9
Suppose 2*m + v - 12 = 0, 13 = 2*m + 4*v + 1. Suppose m*x = 238 + 86. Calculate the highest common factor of 36 and x.
18
Suppose 0 = -4*t - 3*k + 319, 21*k + 255 = 3*t + 18*k. What is the greatest common factor of t and 697?
41
Let w = -121 - -74. Let x be 3 - (-4 + 12) - w. Calculate the greatest common factor of x and 18.
6
Let q(a) = a**2 - a + 11. Let l = -1 + 9. Let r be q(l). Suppose -4*i + r = -5*p, -5*i + 3*p - 2*p = -68. Calculate the highest common factor of